{"id":1809,"date":"2018-06-24T16:39:50","date_gmt":"2018-06-24T16:39:50","guid":{"rendered":"https:\/\/www.segeljahre.de\/?post_type=portfolio&#038;p=1809"},"modified":"2019-03-28T12:27:13","modified_gmt":"2019-03-28T11:27:13","slug":"1809","status":"publish","type":"portfolio","link":"https:\/\/www.segeljahre.de\/?portfolio=1809","title":{"rendered":"Vicedo &#8211; 2018"},"content":{"rendered":"<section  class='av_textblock_section av-e2ex4h-d14cb06593007bc0530565291ee8f91a '   itemscope=\"itemscope\" itemtype=\"https:\/\/schema.org\/CreativeWork\" ><div class='avia_textblock'  itemprop=\"text\" ><p><span style=\"display: inline-block; width: 0px; overflow: hidden; line-height: 0;\" data-mce-type=\"bookmark\" class=\"mce_SELRES_start\">\ufeff<\/span><\/p>\n<\/div><\/section>\n\n<style type=\"text\/css\" data-created_by=\"avia_inline_auto\" id=\"style-css-av-c8f0pt-37485314889e59d7155233f8b297602c\">\n#top .av-special-heading.av-c8f0pt-37485314889e59d7155233f8b297602c{\npadding-bottom:10px;\n}\nbody .av-special-heading.av-c8f0pt-37485314889e59d7155233f8b297602c .av-special-heading-tag .heading-char{\nfont-size:25px;\n}\n.av-special-heading.av-c8f0pt-37485314889e59d7155233f8b297602c .av-subheading{\nfont-size:15px;\n}\n<\/style>\n<div  class='av-special-heading av-c8f0pt-37485314889e59d7155233f8b297602c av-special-heading-h3  avia-builder-el-1  el_after_av_textblock  el_before_av_textblock '><h3 class='av-special-heading-tag '  itemprop=\"headline\"  >Vicedo &#8211; 2018<\/h3><div class=\"special-heading-border\"><div class=\"special-heading-inner-border\"><\/div><\/div><\/div>\n<section  class='av_textblock_section av-argaqp-ca6577df0b5b7651581ae99346f258ab '   itemscope=\"itemscope\" itemtype=\"https:\/\/schema.org\/CreativeWork\" ><div class='avia_textblock'  itemprop=\"text\" ><p>Der Hafen ist nur f\u00fcr Schiffe bis maximal 8 Meter ausgelegt. Gr\u00f6\u00dfere Schiffe k\u00f6nnen ggf an der Hafenmauer festmachen. Hier liegen aber in der Regel lokale Fischer. Eine Slipanlage mit Wagen w\u00e4re f\u00fcr Notreparaturen vorhanden.<br \/>\nAnkern l\u00e4sst sich im Ria ganz hervorragend, man liegt hier wie in Abrahams Schoss<br \/>\nDie Stadt selber hat mir jetzt nicht so Gefallen.<br \/>\nIch muss hier nicht nochmal hin.<\/p>\n<\/div><\/section>\n\n<style type=\"text\/css\" data-created_by=\"avia_inline_auto\" id=\"style-css-av-9m9j41-7ff6fde84f9d2d176010e4cbff12eb64\">\n#top .av-special-heading.av-9m9j41-7ff6fde84f9d2d176010e4cbff12eb64{\npadding-bottom:10px;\n}\nbody .av-special-heading.av-9m9j41-7ff6fde84f9d2d176010e4cbff12eb64 .av-special-heading-tag .heading-char{\nfont-size:25px;\n}\n.av-special-heading.av-9m9j41-7ff6fde84f9d2d176010e4cbff12eb64 .av-subheading{\nfont-size:15px;\n}\n<\/style>\n<div  class='av-special-heading av-9m9j41-7ff6fde84f9d2d176010e4cbff12eb64 av-special-heading-h3  avia-builder-el-3  el_after_av_textblock  el_before_av_blog '><h3 class='av-special-heading-tag '  itemprop=\"headline\"  >Verlinkte Posts<\/h3><div class=\"special-heading-border\"><div class=\"special-heading-inner-border\"><\/div><\/div><\/div>\n<div  class='avia-icon-list-container av-80mcbl-c5bad8af07b0e8cdeefd8825d8b5fffc'><ul class='avia-icon-list avia_animate_when_almost_visible avia-icon-list-left av-iconlist-big av-80mcbl-c5bad8af07b0e8cdeefd8825d8b5fffc avia-iconlist-animate'>\n<li><div class='iconlist_icon av-6l09w1-e26bc51aacc3d86dc06ceb8ccded6317 avia-font-entypo-fontello avia-iconfont avia-font-entypo-fontello'><span class='av-icon-char' data-av_icon='\ue81f' data-av_iconfont='entypo-fontello' aria-hidden=\"true\"><\/span><\/div><article class=\"article-icon-entry \"  itemscope=\"itemscope\" itemtype=\"https:\/\/schema.org\/CreativeWork\" ><div class=\"iconlist_content_wrap\"><header class=\"entry-content-header\" aria-label=\"Icon: Verlinke Posts . . .\"><h4 class='av_iconlist_title iconlist_title  '  itemprop=\"headline\" >Verlinke Posts . . .<\/h4><\/header><div class='iconlist_content '  itemprop=\"text\" ><p><a href=\"https:\/\/www.segeljahre.de\/?page_id=630\" target=\"_blank\" rel=\"noopener noreferrer\">Link zum Post<\/a><\/p>\n<\/div><\/div><footer class=\"entry-footer\"><\/footer><\/article><div class=\"iconlist-timeline\"><\/div><\/li>\n<\/ul><\/div>\n\n<style type=\"text\/css\" data-created_by=\"avia_inline_auto\" id=\"style-css-av-4vrubl-1f0c8a07a5c0e481bcf65cbb8abefad0\">\n#top .av-special-heading.av-4vrubl-1f0c8a07a5c0e481bcf65cbb8abefad0{\npadding-bottom:10px;\n}\nbody .av-special-heading.av-4vrubl-1f0c8a07a5c0e481bcf65cbb8abefad0 .av-special-heading-tag .heading-char{\nfont-size:25px;\n}\n.av-special-heading.av-4vrubl-1f0c8a07a5c0e481bcf65cbb8abefad0 .av-subheading{\nfont-size:15px;\n}\n<\/style>\n<div  class='av-special-heading av-4vrubl-1f0c8a07a5c0e481bcf65cbb8abefad0 av-special-heading-h3'><h3 class='av-special-heading-tag '  itemprop=\"headline\"  >Weiterf\u00fchrende Links<\/h3><div class=\"special-heading-border\"><div class=\"special-heading-inner-border\"><\/div><\/div><\/div>\n<section  class='av_textblock_section av-ammjl-61f68b6716cfce31a23402976aecafec '   itemscope=\"itemscope\" itemtype=\"https:\/\/schema.org\/CreativeWork\" ><div class='avia_textblock'  itemprop=\"text\" ><\/div><\/section>\n","protected":false},"excerpt":{"rendered":"<p>Der Hafen ist nur f\u00fcr Schiffe bis maximal 8 Meter ausgelegt. Gr\u00f6\u00dfere Schiffe k\u00f6nnen ggf an der Hafenmauer festmachen . . . <\/p>\n","protected":false},"author":0,"featured_media":1906,"comment_status":"closed","ping_status":"closed","template":"","meta":{"footnotes":""},"tags":[],"portfolio_entries":[40,19,27],"class_list":["post-1809","portfolio","type-portfolio","status-publish","has-post-thumbnail","hentry","portfolio_entries-40","portfolio_entries-hafenbeschreibungen","portfolio_entries-spanien"],"aioseo_notices":[],"_links":{"self":[{"href":"https:\/\/www.segeljahre.de\/index.php?rest_route=\/wp\/v2\/portfolio\/1809","targetHints":{"allow":["GET"]}}],"collection":[{"href":"https:\/\/www.segeljahre.de\/index.php?rest_route=\/wp\/v2\/portfolio"}],"about":[{"href":"https:\/\/www.segeljahre.de\/index.php?rest_route=\/wp\/v2\/types\/portfolio"}],"replies":[{"embeddable":true,"href":"https:\/\/www.segeljahre.de\/index.php?rest_route=%2Fwp%2Fv2%2Fcomments&post=1809"}],"version-history":[{"count":2,"href":"https:\/\/www.segeljahre.de\/index.php?rest_route=\/wp\/v2\/portfolio\/1809\/revisions"}],"predecessor-version":[{"id":2811,"href":"https:\/\/www.segeljahre.de\/index.php?rest_route=\/wp\/v2\/portfolio\/1809\/revisions\/2811"}],"wp:featuredmedia":[{"embeddable":true,"href":"https:\/\/www.segeljahre.de\/index.php?rest_route=\/wp\/v2\/media\/1906"}],"wp:attachment":[{"href":"https:\/\/www.segeljahre.de\/index.php?rest_route=%2Fwp%2Fv2%2Fmedia&parent=1809"}],"wp:term":[{"taxonomy":"post_tag","embeddable":true,"href":"https:\/\/www.segeljahre.de\/index.php?rest_route=%2Fwp%2Fv2%2Ftags&post=1809"},{"taxonomy":"portfolio_entries","embeddable":true,"href":"https:\/\/www.segeljahre.de\/index.php?rest_route=%2Fwp%2Fv2%2Fportfolio_entries&post=1809"}],"curies":[{"name":"wp","href":"https:\/\/api.w.org\/{rel}","templated":true}]}}

<section  class='av_textblock_section av-e2ex4h-d14cb06593007bc0530565291ee8f91a '   itemscope="itemscope" itemtype="https://schema.org/CreativeWork" ><div class='avia_textblock'  itemprop="text" ><p><span style="display: inline-block; width: 0px; overflow: hidden; line-height: 0;" data-mce-type="bookmark" class="mce_SELRES_start">﻿</span></p>
</div></section>

<style type="text/css" data-created_by="avia_inline_auto" id="style-css-av-c8f0pt-37485314889e59d7155233f8b297602c">
#top .av-special-heading.av-c8f0pt-37485314889e59d7155233f8b297602c{
padding-bottom:10px;
}
body .av-special-heading.av-c8f0pt-37485314889e59d7155233f8b297602c .av-special-heading-tag .heading-char{
font-size:25px;
}
.av-special-heading.av-c8f0pt-37485314889e59d7155233f8b297602c .av-subheading{
font-size:15px;
}
</style>
<div  class='av-special-heading av-c8f0pt-37485314889e59d7155233f8b297602c av-special-heading-h3  avia-builder-el-1  el_after_av_textblock  el_before_av_textblock '><h3 class='av-special-heading-tag '  itemprop="headline"  >Vicedo &#8211; 2018</h3><div class="special-heading-border"><div class="special-heading-inner-border"></div></div></div>
<section  class='av_textblock_section av-argaqp-ca6577df0b5b7651581ae99346f258ab '   itemscope="itemscope" itemtype="https://schema.org/CreativeWork" ><div class='avia_textblock'  itemprop="text" ><p>Der Hafen ist nur für Schiffe bis maximal 8 Meter ausgelegt. Größere Schiffe können ggf an der Hafenmauer festmachen. Hier liegen aber in der Regel lokale Fischer. Eine Slipanlage mit Wagen wäre für Notreparaturen vorhanden.<br />
Ankern lässt sich im Ria ganz hervorragend, man liegt hier wie in Abrahams Schoss<br />
Die Stadt selber hat mir jetzt nicht so Gefallen.<br />
Ich muss hier nicht nochmal hin.</p>
</div></section>

<style type="text/css" data-created_by="avia_inline_auto" id="style-css-av-9m9j41-7ff6fde84f9d2d176010e4cbff12eb64">
#top .av-special-heading.av-9m9j41-7ff6fde84f9d2d176010e4cbff12eb64{
padding-bottom:10px;
}
body .av-special-heading.av-9m9j41-7ff6fde84f9d2d176010e4cbff12eb64 .av-special-heading-tag .heading-char{
font-size:25px;
}
.av-special-heading.av-9m9j41-7ff6fde84f9d2d176010e4cbff12eb64 .av-subheading{
font-size:15px;
}
</style>
<div  class='av-special-heading av-9m9j41-7ff6fde84f9d2d176010e4cbff12eb64 av-special-heading-h3  avia-builder-el-3  el_after_av_textblock  el_before_av_blog '><h3 class='av-special-heading-tag '  itemprop="headline"  >Verlinkte Posts</h3><div class="special-heading-border"><div class="special-heading-inner-border"></div></div></div>
<div  class='avia-icon-list-container av-80mcbl-c5bad8af07b0e8cdeefd8825d8b5fffc'><ul class='avia-icon-list avia_animate_when_almost_visible avia-icon-list-left av-iconlist-big av-80mcbl-c5bad8af07b0e8cdeefd8825d8b5fffc avia-iconlist-animate'>
<li><div class='iconlist_icon av-6l09w1-e26bc51aacc3d86dc06ceb8ccded6317 avia-font-entypo-fontello avia-iconfont avia-font-entypo-fontello'><span class='av-icon-char' data-av_icon='' data-av_iconfont='entypo-fontello' aria-hidden="true"></span></div><article class="article-icon-entry "  itemscope="itemscope" itemtype="https://schema.org/CreativeWork" ><div class="iconlist_content_wrap"><header class="entry-content-header" aria-label="Icon: Verlinke Posts . . ."><h4 class='av_iconlist_title iconlist_title  '  itemprop="headline" >Verlinke Posts . . .</h4></header><div class='iconlist_content '  itemprop="text" ><p><a href="https://www.segeljahre.de/?page_id=630" target="_blank" rel="noopener noreferrer">Link zum Post</a></p>
</div></div><footer class="entry-footer"></footer></article><div class="iconlist-timeline"></div></li>
</ul></div>

<style type="text/css" data-created_by="avia_inline_auto" id="style-css-av-4vrubl-1f0c8a07a5c0e481bcf65cbb8abefad0">
#top .av-special-heading.av-4vrubl-1f0c8a07a5c0e481bcf65cbb8abefad0{
padding-bottom:10px;
}
body .av-special-heading.av-4vrubl-1f0c8a07a5c0e481bcf65cbb8abefad0 .av-special-heading-tag .heading-char{
font-size:25px;
}
.av-special-heading.av-4vrubl-1f0c8a07a5c0e481bcf65cbb8abefad0 .av-subheading{
font-size:15px;
}
</style>
<div  class='av-special-heading av-4vrubl-1f0c8a07a5c0e481bcf65cbb8abefad0 av-special-heading-h3'><h3 class='av-special-heading-tag '  itemprop="headline"  >Weiterführende Links</h3><div class="special-heading-border"><div class="special-heading-inner-border"></div></div></div>
<section  class='av_textblock_section av-ammjl-61f68b6716cfce31a23402976aecafec '   itemscope="itemscope" itemtype="https://schema.org/CreativeWork" ><div class='avia_textblock'  itemprop="text" ></div></section>

<p>Der Hafen ist nur für Schiffe bis maximal 8 Meter ausgelegt. Größere Schiffe können ggf an der Hafenmauer festmachen . . . </p>
