{"id":2165,"date":"2019-01-11T17:02:01","date_gmt":"2019-01-11T16:02:01","guid":{"rendered":"https:\/\/www.segeljahre.de\/?post_type=portfolio&#038;p=2165"},"modified":"2019-03-27T18:34:24","modified_gmt":"2019-03-27T17:34:24","slug":"2165","status":"publish","type":"portfolio","link":"https:\/\/www.segeljahre.de\/?portfolio=2165","title":{"rendered":"Ribadasella &#8211; 2018"},"content":{"rendered":"\n<style type=\"text\/css\" data-created_by=\"avia_inline_auto\" id=\"style-css-av-jqs8agkh-d839a2ec10f28abaece2392046e1cb9b\">\n#top .av-special-heading.av-jqs8agkh-d839a2ec10f28abaece2392046e1cb9b{\npadding-bottom:10px;\n}\nbody .av-special-heading.av-jqs8agkh-d839a2ec10f28abaece2392046e1cb9b .av-special-heading-tag .heading-char{\nfont-size:25px;\n}\n.av-special-heading.av-jqs8agkh-d839a2ec10f28abaece2392046e1cb9b .av-subheading{\nfont-size:15px;\n}\n<\/style>\n<div  class='av-special-heading av-jqs8agkh-d839a2ec10f28abaece2392046e1cb9b av-special-heading-h3  avia-builder-el-0  el_before_av_textblock  avia-builder-el-first '><h3 class='av-special-heading-tag '  itemprop=\"headline\"  >Ribadasella &#8211; 2018<\/h3><div class=\"special-heading-border\"><div class=\"special-heading-inner-border\"><\/div><\/div><\/div>\n<section  class='av_textblock_section av-jqs8bz0m-a3c9e5fe1682c8ab2a0c4bb2cb2d0b07 '   itemscope=\"itemscope\" itemtype=\"https:\/\/schema.org\/CreativeWork\" ><div class='avia_textblock'  itemprop=\"text\" ><p>Die Einfahrt ist um Hochwasser +3 \/ -2 Stunden herum m\u00f6glich. Der Ort ist ein wenig touristisch, aber nicht wirklich schlimm. Ich w\u00fcrde es eher quirlig beschreiben. Spanisch sollte man hier schon k\u00f6nnen, der Hafen wird vom lokalen Segelclub betrieben und ist g\u00fcnstig. Die Gegend beeindruckend, die Picos de Europa im Hintergrund, die Biskaya davor, schon sch\u00f6n. Den Ria kann man ca 2 Stunden mit dem Beiboot hochfahren dann wird es aber schnell sehr flach. Nicht umsonst gibt es viele Paddelvereine hier, die kommen weiter \ud83d\ude09<\/p>\n<p>Also ich fand&#8217;s echt sch\u00f6n hier.<\/p>\n<\/div><\/section>\n\n<style type=\"text\/css\" data-created_by=\"avia_inline_auto\" id=\"style-css-av-8nayqt-83f4b5baea6eb0809dcc65445b5913bc\">\n#top .av-special-heading.av-8nayqt-83f4b5baea6eb0809dcc65445b5913bc{\npadding-bottom:10px;\n}\nbody .av-special-heading.av-8nayqt-83f4b5baea6eb0809dcc65445b5913bc .av-special-heading-tag .heading-char{\nfont-size:25px;\n}\n.av-special-heading.av-8nayqt-83f4b5baea6eb0809dcc65445b5913bc .av-subheading{\nfont-size:15px;\n}\n<\/style>\n<div  class='av-special-heading av-8nayqt-83f4b5baea6eb0809dcc65445b5913bc av-special-heading-h3  avia-builder-el-2  el_after_av_textblock  el_before_av_blog '><h3 class='av-special-heading-tag '  itemprop=\"headline\"  >Verlinkte Posts<\/h3><div class=\"special-heading-border\"><div class=\"special-heading-inner-border\"><\/div><\/div><\/div>\n<div  class='avia-icon-list-container av-7oi6fp-29793d42f40255f5253835b40bba6e2e'><ul class='avia-icon-list avia_animate_when_almost_visible avia-icon-list-left av-iconlist-big av-7oi6fp-29793d42f40255f5253835b40bba6e2e avia-iconlist-animate'>\n<li><div class='iconlist_icon av-5ipw91-918372b558af8b4146c95fbd3f2f0497 avia-font-entypo-fontello avia-iconfont avia-font-entypo-fontello'><span class='av-icon-char' data-av_icon='\ue81f' data-av_iconfont='entypo-fontello' aria-hidden=\"true\"><\/span><\/div><article class=\"article-icon-entry \"  itemscope=\"itemscope\" itemtype=\"https:\/\/schema.org\/CreativeWork\" ><div class=\"iconlist_content_wrap\"><header class=\"entry-content-header\" aria-label=\"Icon: Verlinke Posts . . .\"><h4 class='av_iconlist_title iconlist_title  '  itemprop=\"headline\" >Verlinke Posts . . .<\/h4><\/header><div class='iconlist_content '  itemprop=\"text\" ><p><a href=\"https:\/\/www.segeljahre.de\/?page_id=630\" target=\"_blank\" rel=\"noopener noreferrer\">Link zum Post<\/a><\/p>\n<\/div><\/div><footer class=\"entry-footer\"><\/footer><\/article><div class=\"iconlist-timeline\"><\/div><\/li>\n<\/ul><\/div>\n\n<style type=\"text\/css\" data-created_by=\"avia_inline_auto\" id=\"style-css-av-4b13vp-e4680eefc0a072d1f525cd59edb351b7\">\n#top .av-special-heading.av-4b13vp-e4680eefc0a072d1f525cd59edb351b7{\npadding-bottom:10px;\n}\nbody .av-special-heading.av-4b13vp-e4680eefc0a072d1f525cd59edb351b7 .av-special-heading-tag .heading-char{\nfont-size:25px;\n}\n.av-special-heading.av-4b13vp-e4680eefc0a072d1f525cd59edb351b7 .av-subheading{\nfont-size:15px;\n}\n<\/style>\n<div  class='av-special-heading av-4b13vp-e4680eefc0a072d1f525cd59edb351b7 av-special-heading-h3'><h3 class='av-special-heading-tag '  itemprop=\"headline\"  >Weiterf\u00fchrende Links<\/h3><div class=\"special-heading-border\"><div class=\"special-heading-inner-border\"><\/div><\/div><\/div>\n<section  class='av_textblock_section av-399d9h-14a73365cc51049ba102b399ce54f18d '   itemscope=\"itemscope\" itemtype=\"https:\/\/schema.org\/CreativeWork\" ><div class='avia_textblock'  itemprop=\"text\" ><\/div><\/section>\n","protected":false},"excerpt":{"rendered":"<p>Die Einfahrt ist um Hochwasser +3 -2 Stunden herum m\u00f6glich. . . <\/p>\n","protected":false},"author":0,"featured_media":2350,"comment_status":"closed","ping_status":"closed","template":"","meta":{"footnotes":""},"tags":[],"portfolio_entries":[40,19,27],"class_list":["post-2165","portfolio","type-portfolio","status-publish","has-post-thumbnail","hentry","portfolio_entries-40","portfolio_entries-hafenbeschreibungen","portfolio_entries-spanien"],"aioseo_notices":[],"_links":{"self":[{"href":"https:\/\/www.segeljahre.de\/index.php?rest_route=\/wp\/v2\/portfolio\/2165","targetHints":{"allow":["GET"]}}],"collection":[{"href":"https:\/\/www.segeljahre.de\/index.php?rest_route=\/wp\/v2\/portfolio"}],"about":[{"href":"https:\/\/www.segeljahre.de\/index.php?rest_route=\/wp\/v2\/types\/portfolio"}],"replies":[{"embeddable":true,"href":"https:\/\/www.segeljahre.de\/index.php?rest_route=%2Fwp%2Fv2%2Fcomments&post=2165"}],"version-history":[{"count":2,"href":"https:\/\/www.segeljahre.de\/index.php?rest_route=\/wp\/v2\/portfolio\/2165\/revisions"}],"predecessor-version":[{"id":2794,"href":"https:\/\/www.segeljahre.de\/index.php?rest_route=\/wp\/v2\/portfolio\/2165\/revisions\/2794"}],"wp:featuredmedia":[{"embeddable":true,"href":"https:\/\/www.segeljahre.de\/index.php?rest_route=\/wp\/v2\/media\/2350"}],"wp:attachment":[{"href":"https:\/\/www.segeljahre.de\/index.php?rest_route=%2Fwp%2Fv2%2Fmedia&parent=2165"}],"wp:term":[{"taxonomy":"post_tag","embeddable":true,"href":"https:\/\/www.segeljahre.de\/index.php?rest_route=%2Fwp%2Fv2%2Ftags&post=2165"},{"taxonomy":"portfolio_entries","embeddable":true,"href":"https:\/\/www.segeljahre.de\/index.php?rest_route=%2Fwp%2Fv2%2Fportfolio_entries&post=2165"}],"curies":[{"name":"wp","href":"https:\/\/api.w.org\/{rel}","templated":true}]}}

<style type="text/css" data-created_by="avia_inline_auto" id="style-css-av-jqs8agkh-d839a2ec10f28abaece2392046e1cb9b">
#top .av-special-heading.av-jqs8agkh-d839a2ec10f28abaece2392046e1cb9b{
padding-bottom:10px;
}
body .av-special-heading.av-jqs8agkh-d839a2ec10f28abaece2392046e1cb9b .av-special-heading-tag .heading-char{
font-size:25px;
}
.av-special-heading.av-jqs8agkh-d839a2ec10f28abaece2392046e1cb9b .av-subheading{
font-size:15px;
}
</style>
<div  class='av-special-heading av-jqs8agkh-d839a2ec10f28abaece2392046e1cb9b av-special-heading-h3  avia-builder-el-0  el_before_av_textblock  avia-builder-el-first '><h3 class='av-special-heading-tag '  itemprop="headline"  >Ribadasella &#8211; 2018</h3><div class="special-heading-border"><div class="special-heading-inner-border"></div></div></div>
<section  class='av_textblock_section av-jqs8bz0m-a3c9e5fe1682c8ab2a0c4bb2cb2d0b07 '   itemscope="itemscope" itemtype="https://schema.org/CreativeWork" ><div class='avia_textblock'  itemprop="text" ><p>Die Einfahrt ist um Hochwasser +3 / -2 Stunden herum möglich. Der Ort ist ein wenig touristisch, aber nicht wirklich schlimm. Ich würde es eher quirlig beschreiben. Spanisch sollte man hier schon können, der Hafen wird vom lokalen Segelclub betrieben und ist günstig. Die Gegend beeindruckend, die Picos de Europa im Hintergrund, die Biskaya davor, schon schön. Den Ria kann man ca 2 Stunden mit dem Beiboot hochfahren dann wird es aber schnell sehr flach. Nicht umsonst gibt es viele Paddelvereine hier, die kommen weiter 😉</p>
<p>Also ich fand&#8217;s echt schön hier.</p>
</div></section>

<style type="text/css" data-created_by="avia_inline_auto" id="style-css-av-8nayqt-83f4b5baea6eb0809dcc65445b5913bc">
#top .av-special-heading.av-8nayqt-83f4b5baea6eb0809dcc65445b5913bc{
padding-bottom:10px;
}
body .av-special-heading.av-8nayqt-83f4b5baea6eb0809dcc65445b5913bc .av-special-heading-tag .heading-char{
font-size:25px;
}
.av-special-heading.av-8nayqt-83f4b5baea6eb0809dcc65445b5913bc .av-subheading{
font-size:15px;
}
</style>
<div  class='av-special-heading av-8nayqt-83f4b5baea6eb0809dcc65445b5913bc av-special-heading-h3  avia-builder-el-2  el_after_av_textblock  el_before_av_blog '><h3 class='av-special-heading-tag '  itemprop="headline"  >Verlinkte Posts</h3><div class="special-heading-border"><div class="special-heading-inner-border"></div></div></div>
<div  class='avia-icon-list-container av-7oi6fp-29793d42f40255f5253835b40bba6e2e'><ul class='avia-icon-list avia_animate_when_almost_visible avia-icon-list-left av-iconlist-big av-7oi6fp-29793d42f40255f5253835b40bba6e2e avia-iconlist-animate'>
<li><div class='iconlist_icon av-5ipw91-918372b558af8b4146c95fbd3f2f0497 avia-font-entypo-fontello avia-iconfont avia-font-entypo-fontello'><span class='av-icon-char' data-av_icon='' data-av_iconfont='entypo-fontello' aria-hidden="true"></span></div><article class="article-icon-entry "  itemscope="itemscope" itemtype="https://schema.org/CreativeWork" ><div class="iconlist_content_wrap"><header class="entry-content-header" aria-label="Icon: Verlinke Posts . . ."><h4 class='av_iconlist_title iconlist_title  '  itemprop="headline" >Verlinke Posts . . .</h4></header><div class='iconlist_content '  itemprop="text" ><p><a href="https://www.segeljahre.de/?page_id=630" target="_blank" rel="noopener noreferrer">Link zum Post</a></p>
</div></div><footer class="entry-footer"></footer></article><div class="iconlist-timeline"></div></li>
</ul></div>

<style type="text/css" data-created_by="avia_inline_auto" id="style-css-av-4b13vp-e4680eefc0a072d1f525cd59edb351b7">
#top .av-special-heading.av-4b13vp-e4680eefc0a072d1f525cd59edb351b7{
padding-bottom:10px;
}
body .av-special-heading.av-4b13vp-e4680eefc0a072d1f525cd59edb351b7 .av-special-heading-tag .heading-char{
font-size:25px;
}
.av-special-heading.av-4b13vp-e4680eefc0a072d1f525cd59edb351b7 .av-subheading{
font-size:15px;
}
</style>
<div  class='av-special-heading av-4b13vp-e4680eefc0a072d1f525cd59edb351b7 av-special-heading-h3'><h3 class='av-special-heading-tag '  itemprop="headline"  >Weiterführende Links</h3><div class="special-heading-border"><div class="special-heading-inner-border"></div></div></div>
<section  class='av_textblock_section av-399d9h-14a73365cc51049ba102b399ce54f18d '   itemscope="itemscope" itemtype="https://schema.org/CreativeWork" ><div class='avia_textblock'  itemprop="text" ></div></section>

<p>Die Einfahrt ist um Hochwasser +3 -2 Stunden herum möglich. . . </p>
