{"id":2427,"date":"2019-01-23T19:43:27","date_gmt":"2019-01-23T18:43:27","guid":{"rendered":"https:\/\/www.segeljahre.de\/?post_type=portfolio&#038;p=2427"},"modified":"2019-03-27T18:28:22","modified_gmt":"2019-03-27T17:28:22","slug":"2427","status":"publish","type":"portfolio","link":"https:\/\/www.segeljahre.de\/?portfolio=2427","title":{"rendered":"Aviles &#8211; 2018"},"content":{"rendered":"\n<style type=\"text\/css\" data-created_by=\"avia_inline_auto\" id=\"style-css-av-jr9ja0ov-03f579d38946bf1919a2338c50234630\">\n#top .av-special-heading.av-jr9ja0ov-03f579d38946bf1919a2338c50234630{\npadding-bottom:10px;\n}\nbody .av-special-heading.av-jr9ja0ov-03f579d38946bf1919a2338c50234630 .av-special-heading-tag .heading-char{\nfont-size:25px;\n}\n.av-special-heading.av-jr9ja0ov-03f579d38946bf1919a2338c50234630 .av-subheading{\nfont-size:15px;\n}\n<\/style>\n<div  class='av-special-heading av-jr9ja0ov-03f579d38946bf1919a2338c50234630 av-special-heading-h3  avia-builder-el-0  el_before_av_textblock  avia-builder-el-first '><h3 class='av-special-heading-tag '  itemprop=\"headline\"  >Aviles &#8211; 2018<\/h3><div class=\"special-heading-border\"><div class=\"special-heading-inner-border\"><\/div><\/div><\/div>\n<section  class='av_textblock_section av-jr9jbfg8-cb8609d23ffdd4031392d09423f5f194 '   itemscope=\"itemscope\" itemtype=\"https:\/\/schema.org\/CreativeWork\" ><div class='avia_textblock'  itemprop=\"text\" ><p>Aviles ist jetzt nicht so meins geworden. Schon allein die fahrt in den Ria, gleich am Anfang ein riesiges Industriegebiet. Dank hat es auch noch f\u00fcrchterlich gestunken dort. Der ganze Ria ist fast von Anfang an bis zum Ende zubetoniert. Gut, der Hafen liegt nicht allzuweit entfernt von der Innenstadt, ein wenig zu laufen ist es aber doch. Die Stadt ist jetzt ganz h\u00fcbsch anzuschauen, so viel gibt es da aber nicht. Allein, das es nach drei Tagen einen Tag umsonst gibt ist sch\u00f6n . . . hat mich aber auch nicht veranlasst viel l\u00e4nger dazubleiben. Der Hafen ist preiswert, das ist es in meinen Augen auch schon.<br \/>\nIch muss hier nicht noch mal her.<\/p>\n<\/div><\/section>\n\n<style type=\"text\/css\" data-created_by=\"avia_inline_auto\" id=\"style-css-av-av_heading-462655e0de817d59c54e704f2ea22aca\">\n#top .av-special-heading.av-av_heading-462655e0de817d59c54e704f2ea22aca{\npadding-bottom:10px;\n}\nbody .av-special-heading.av-av_heading-462655e0de817d59c54e704f2ea22aca .av-special-heading-tag .heading-char{\nfont-size:25px;\n}\n.av-special-heading.av-av_heading-462655e0de817d59c54e704f2ea22aca .av-subheading{\nfont-size:15px;\n}\n<\/style>\n<div  class='av-special-heading av-av_heading-462655e0de817d59c54e704f2ea22aca av-special-heading-h3  avia-builder-el-2  el_after_av_textblock  el_before_av_blog '><h3 class='av-special-heading-tag '  itemprop=\"headline\"  >Verlinkte Posts<\/h3><div class=\"special-heading-border\"><div class=\"special-heading-inner-border\"><\/div><\/div><\/div>\n<div  class='avia-icon-list-container av-av_iconlist-a98d21aa7682842f3ee59bf46c3a11b8'><ul class='avia-icon-list avia_animate_when_almost_visible avia-icon-list-left av-iconlist-big av-av_iconlist-a98d21aa7682842f3ee59bf46c3a11b8 avia-iconlist-animate'>\n<li><div class='iconlist_icon av-av_iconlist_item-3db12deb09ecaadc469d7a28b1517700 avia-font-entypo-fontello avia-iconfont avia-font-entypo-fontello'><span class='av-icon-char' data-av_icon='\ue81f' data-av_iconfont='entypo-fontello' aria-hidden=\"true\"><\/span><\/div><article class=\"article-icon-entry \"  itemscope=\"itemscope\" itemtype=\"https:\/\/schema.org\/CreativeWork\" ><div class=\"iconlist_content_wrap\"><header class=\"entry-content-header\" aria-label=\"Icon: Verlinke Posts . . .\"><h4 class='av_iconlist_title iconlist_title  '  itemprop=\"headline\" >Verlinke Posts . . .<\/h4><\/header><div class='iconlist_content '  itemprop=\"text\" ><p><a href=\"https:\/\/www.segeljahre.de\/?page_id=630\" target=\"_blank\" rel=\"noopener noreferrer\">Link zum Post<\/a><\/p>\n<\/div><\/div><footer class=\"entry-footer\"><\/footer><\/article><div class=\"iconlist-timeline\"><\/div><\/li>\n<\/ul><\/div>\n\n<style type=\"text\/css\" data-created_by=\"avia_inline_auto\" id=\"style-css-av-av_heading-df393a896da427dc9827bb7e536e64b3\">\n#top .av-special-heading.av-av_heading-df393a896da427dc9827bb7e536e64b3{\npadding-bottom:10px;\n}\nbody .av-special-heading.av-av_heading-df393a896da427dc9827bb7e536e64b3 .av-special-heading-tag .heading-char{\nfont-size:25px;\n}\n.av-special-heading.av-av_heading-df393a896da427dc9827bb7e536e64b3 .av-subheading{\nfont-size:15px;\n}\n<\/style>\n<div  class='av-special-heading av-av_heading-df393a896da427dc9827bb7e536e64b3 av-special-heading-h3'><h3 class='av-special-heading-tag '  itemprop=\"headline\"  >Weiterf\u00fchrende Links<\/h3><div class=\"special-heading-border\"><div class=\"special-heading-inner-border\"><\/div><\/div><\/div>\n<section  class='av_textblock_section av-av_textblock-396ddf1f42196ca838231e61a4602801 '   itemscope=\"itemscope\" itemtype=\"https:\/\/schema.org\/CreativeWork\" ><div class='avia_textblock'  itemprop=\"text\" ><\/div><\/section>\n","protected":false},"excerpt":{"rendered":"","protected":false},"author":0,"featured_media":2311,"comment_status":"closed","ping_status":"closed","template":"","meta":{"footnotes":""},"tags":[],"portfolio_entries":[40,19,27],"class_list":["post-2427","portfolio","type-portfolio","status-publish","has-post-thumbnail","hentry","portfolio_entries-40","portfolio_entries-hafenbeschreibungen","portfolio_entries-spanien"],"aioseo_notices":[],"_links":{"self":[{"href":"https:\/\/www.segeljahre.de\/index.php?rest_route=\/wp\/v2\/portfolio\/2427","targetHints":{"allow":["GET"]}}],"collection":[{"href":"https:\/\/www.segeljahre.de\/index.php?rest_route=\/wp\/v2\/portfolio"}],"about":[{"href":"https:\/\/www.segeljahre.de\/index.php?rest_route=\/wp\/v2\/types\/portfolio"}],"replies":[{"embeddable":true,"href":"https:\/\/www.segeljahre.de\/index.php?rest_route=%2Fwp%2Fv2%2Fcomments&post=2427"}],"version-history":[{"count":3,"href":"https:\/\/www.segeljahre.de\/index.php?rest_route=\/wp\/v2\/portfolio\/2427\/revisions"}],"predecessor-version":[{"id":2787,"href":"https:\/\/www.segeljahre.de\/index.php?rest_route=\/wp\/v2\/portfolio\/2427\/revisions\/2787"}],"wp:featuredmedia":[{"embeddable":true,"href":"https:\/\/www.segeljahre.de\/index.php?rest_route=\/wp\/v2\/media\/2311"}],"wp:attachment":[{"href":"https:\/\/www.segeljahre.de\/index.php?rest_route=%2Fwp%2Fv2%2Fmedia&parent=2427"}],"wp:term":[{"taxonomy":"post_tag","embeddable":true,"href":"https:\/\/www.segeljahre.de\/index.php?rest_route=%2Fwp%2Fv2%2Ftags&post=2427"},{"taxonomy":"portfolio_entries","embeddable":true,"href":"https:\/\/www.segeljahre.de\/index.php?rest_route=%2Fwp%2Fv2%2Fportfolio_entries&post=2427"}],"curies":[{"name":"wp","href":"https:\/\/api.w.org\/{rel}","templated":true}]}}

<style type="text/css" data-created_by="avia_inline_auto" id="style-css-av-jr9ja0ov-03f579d38946bf1919a2338c50234630">
#top .av-special-heading.av-jr9ja0ov-03f579d38946bf1919a2338c50234630{
padding-bottom:10px;
}
body .av-special-heading.av-jr9ja0ov-03f579d38946bf1919a2338c50234630 .av-special-heading-tag .heading-char{
font-size:25px;
}
.av-special-heading.av-jr9ja0ov-03f579d38946bf1919a2338c50234630 .av-subheading{
font-size:15px;
}
</style>
<div  class='av-special-heading av-jr9ja0ov-03f579d38946bf1919a2338c50234630 av-special-heading-h3  avia-builder-el-0  el_before_av_textblock  avia-builder-el-first '><h3 class='av-special-heading-tag '  itemprop="headline"  >Aviles &#8211; 2018</h3><div class="special-heading-border"><div class="special-heading-inner-border"></div></div></div>
<section  class='av_textblock_section av-jr9jbfg8-cb8609d23ffdd4031392d09423f5f194 '   itemscope="itemscope" itemtype="https://schema.org/CreativeWork" ><div class='avia_textblock'  itemprop="text" ><p>Aviles ist jetzt nicht so meins geworden. Schon allein die fahrt in den Ria, gleich am Anfang ein riesiges Industriegebiet. Dank hat es auch noch fürchterlich gestunken dort. Der ganze Ria ist fast von Anfang an bis zum Ende zubetoniert. Gut, der Hafen liegt nicht allzuweit entfernt von der Innenstadt, ein wenig zu laufen ist es aber doch. Die Stadt ist jetzt ganz hübsch anzuschauen, so viel gibt es da aber nicht. Allein, das es nach drei Tagen einen Tag umsonst gibt ist schön . . . hat mich aber auch nicht veranlasst viel länger dazubleiben. Der Hafen ist preiswert, das ist es in meinen Augen auch schon.<br />
Ich muss hier nicht noch mal her.</p>
</div></section>

<style type="text/css" data-created_by="avia_inline_auto" id="style-css-av-av_heading-462655e0de817d59c54e704f2ea22aca">
#top .av-special-heading.av-av_heading-462655e0de817d59c54e704f2ea22aca{
padding-bottom:10px;
}
body .av-special-heading.av-av_heading-462655e0de817d59c54e704f2ea22aca .av-special-heading-tag .heading-char{
font-size:25px;
}
.av-special-heading.av-av_heading-462655e0de817d59c54e704f2ea22aca .av-subheading{
font-size:15px;
}
</style>
<div  class='av-special-heading av-av_heading-462655e0de817d59c54e704f2ea22aca av-special-heading-h3  avia-builder-el-2  el_after_av_textblock  el_before_av_blog '><h3 class='av-special-heading-tag '  itemprop="headline"  >Verlinkte Posts</h3><div class="special-heading-border"><div class="special-heading-inner-border"></div></div></div>
<div  class='avia-icon-list-container av-av_iconlist-a98d21aa7682842f3ee59bf46c3a11b8'><ul class='avia-icon-list avia_animate_when_almost_visible avia-icon-list-left av-iconlist-big av-av_iconlist-a98d21aa7682842f3ee59bf46c3a11b8 avia-iconlist-animate'>
<li><div class='iconlist_icon av-av_iconlist_item-3db12deb09ecaadc469d7a28b1517700 avia-font-entypo-fontello avia-iconfont avia-font-entypo-fontello'><span class='av-icon-char' data-av_icon='' data-av_iconfont='entypo-fontello' aria-hidden="true"></span></div><article class="article-icon-entry "  itemscope="itemscope" itemtype="https://schema.org/CreativeWork" ><div class="iconlist_content_wrap"><header class="entry-content-header" aria-label="Icon: Verlinke Posts . . ."><h4 class='av_iconlist_title iconlist_title  '  itemprop="headline" >Verlinke Posts . . .</h4></header><div class='iconlist_content '  itemprop="text" ><p><a href="https://www.segeljahre.de/?page_id=630" target="_blank" rel="noopener noreferrer">Link zum Post</a></p>
</div></div><footer class="entry-footer"></footer></article><div class="iconlist-timeline"></div></li>
</ul></div>

<style type="text/css" data-created_by="avia_inline_auto" id="style-css-av-av_heading-df393a896da427dc9827bb7e536e64b3">
#top .av-special-heading.av-av_heading-df393a896da427dc9827bb7e536e64b3{
padding-bottom:10px;
}
body .av-special-heading.av-av_heading-df393a896da427dc9827bb7e536e64b3 .av-special-heading-tag .heading-char{
font-size:25px;
}
.av-special-heading.av-av_heading-df393a896da427dc9827bb7e536e64b3 .av-subheading{
font-size:15px;
}
</style>
<div  class='av-special-heading av-av_heading-df393a896da427dc9827bb7e536e64b3 av-special-heading-h3'><h3 class='av-special-heading-tag '  itemprop="headline"  >Weiterführende Links</h3><div class="special-heading-border"><div class="special-heading-inner-border"></div></div></div>
<section  class='av_textblock_section av-av_textblock-396ddf1f42196ca838231e61a4602801 '   itemscope="itemscope" itemtype="https://schema.org/CreativeWork" ><div class='avia_textblock'  itemprop="text" ></div></section>
